{"id":5149,"date":"2023-03-02T15:25:47","date_gmt":"2023-03-02T14:25:47","guid":{"rendered":"https:\/\/umi.dm.unibo.it\/congresso2023\/?page_id=5149"},"modified":"2023-09-08T10:47:26","modified_gmt":"2023-09-08T08:47:26","slug":"ss5-ottimizzazione-numerica-e-matematica-delle-immagini","status":"publish","type":"page","link":"https:\/\/umi.dm.unibo.it\/congresso2023\/programma\/sezioni-speciali\/ss5-ottimizzazione-numerica-e-matematica-delle-immagini\/","title":{"rendered":"SS5 \u2013 Ottimizzazione numerica e matematica delle immagini"},"content":{"rendered":"<p><strong>Le comunicazioni si terranno nei giorni venerd\u00ec 8 e sabato 9 settembre, Scuola Normale Superiore, Aula Bianchi<\/strong><\/p>\n<p>&nbsp;<\/p>\n<table border=\"0\" frame=\"VOID\" rules=\"NONE\" cellspacing=\"0\">\n<colgroup>\n<col width=\"114\" \/>\n<col width=\"114\" \/>\n<col width=\"114\" \/>\n<col width=\"114\" \/><\/colgroup>\n<tbody>\n<tr>\n<td align=\"LEFT\" width=\"114\" height=\"22\">Silvia<\/td>\n<td align=\"LEFT\" width=\"114\">Bonettini<\/td>\n<td align=\"LEFT\" width=\"114\">Universit\u00e0 di Modena e Reggio Emilia<\/td>\n<td align=\"LEFT\" width=\"114\">Unrolling techniques for learning image prior: a non deep approach<\/td>\n<td align=\"LEFT\" nowrap=\"nowrap\" width=\"auto\"><span style=\"color: #000000; font-family: Helvetica;\">ore 11.00-11.20, venerd\u00ec 8 settembre<\/span><\/td>\n<\/tr>\n<tr>\n<td align=\"LEFT\" height=\"22\">Luca<\/td>\n<td align=\"LEFT\">Calatroni<\/td>\n<td align=\"LEFT\">CNRS, FR<\/td>\n<td align=\"LEFT\">Parameter-free FISTA<\/td>\n<td align=\"LEFT\" nowrap=\"nowrap\" width=\"auto\"><span style=\"color: #000000; font-family: Helvetica;\">ore 11.20-11.40, venerd\u00ec 8 settembre<\/span><\/td>\n<\/tr>\n<tr>\n<td align=\"LEFT\" height=\"22\">Marco<\/td>\n<td align=\"LEFT\">Donatelli<\/td>\n<td align=\"LEFT\">Universit\u00e0 dell&#8217;Insubria<\/td>\n<td align=\"LEFT\">Laplaciano di grafo frazionario per la ricostruzione di immagini<\/td>\n<td align=\"LEFT\" nowrap=\"nowrap\" width=\"auto\"><span style=\"color: #000000; font-family: Helvetica;\">ore 08.50-09.10, sabato 9 settembre<\/span><\/td>\n<\/tr>\n<tr>\n<td align=\"LEFT\" height=\"22\">Elena<\/td>\n<td align=\"LEFT\">Loli Piccolomini<\/td>\n<td align=\"LEFT\">Universit\u00e0 di Bologna<\/td>\n<td align=\"LEFT\">Ottimizzazione e reti neurali per la ricostruzione di immagini<\/td>\n<td align=\"LEFT\" nowrap=\"nowrap\" width=\"auto\"><span style=\"color: #000000; font-family: Helvetica;\">ore 00.50-10.10, sabato 9 settembre<\/span><\/td>\n<\/tr>\n<tr>\n<td align=\"LEFT\" height=\"22\">Francesca<\/td>\n<td align=\"LEFT\">Maggioni<\/td>\n<td align=\"LEFT\">Universit\u00e0 di Bergamo<\/td>\n<td align=\"LEFT\">Bounding Multistage Optimization Programs under Uncertainty<\/td>\n<td align=\"LEFT\" nowrap=\"nowrap\" width=\"auto\"><span style=\"color: #000000; font-family: Helvetica;\">ore 09.10-09.30, sabato 9 settembre<\/span><\/td>\n<\/tr>\n<tr>\n<td align=\"LEFT\" height=\"22\">Serena<\/td>\n<td align=\"LEFT\">Morigi<\/td>\n<td align=\"LEFT\">Universit\u00e0 di Bologna<\/td>\n<td align=\"LEFT\">Graph Neural Networks and variational regularization methods for nonlinear p-Laplacian spectral decompositions<\/td>\n<td align=\"LEFT\" nowrap=\"nowrap\" width=\"auto\"><span style=\"color: #000000; font-family: Helvetica;\">ore 09.30-09.50, venerd\u00ec 8 settembre<\/span><\/td>\n<\/tr>\n<tr>\n<td align=\"LEFT\" height=\"22\">Benedetta<\/td>\n<td align=\"LEFT\">Morini<\/td>\n<td align=\"LEFT\">Universit\u00e0 di Firenze<\/td>\n<td align=\"LEFT\">Metodi numerici con modelli random per problemi di ottimizzazione<\/td>\n<td align=\"LEFT\" nowrap=\"nowrap\" width=\"auto\"><span style=\"color: #000000; font-family: Helvetica;\">ore 11.40-12.00, venerd\u00ec 8 settembre<\/span><\/td>\n<\/tr>\n<tr>\n<td align=\"LEFT\" height=\"22\">Giovanni<\/td>\n<td align=\"LEFT\">Naldi<\/td>\n<td align=\"LEFT\">Universit\u00e0 di Milano<\/td>\n<td align=\"LEFT\">Mathematical and numerical challenges in Diffuse Optical Tomography analysis<\/td>\n<td align=\"LEFT\" nowrap=\"nowrap\" width=\"auto\"><span style=\"color: #000000; font-family: Helvetica;\">ore 12.00-12.20, venerd\u00ec 8 settembre<\/span><\/td>\n<\/tr>\n<tr>\n<td align=\"LEFT\" height=\"22\">Matteo<\/td>\n<td align=\"LEFT\">Santacesaria<\/td>\n<td align=\"LEFT\">Universit\u00e0 di Genova<\/td>\n<td align=\"LEFT\">Continuous generative neural networks for inverse problems<\/td>\n<td align=\"LEFT\" nowrap=\"nowrap\" width=\"auto\"><span style=\"color: #000000; font-family: Helvetica;\">ore 10.10-10.30, sabato 9 settembre<\/span><\/td>\n<\/tr>\n<tr>\n<td align=\"LEFT\" height=\"22\">Gerardo<\/td>\n<td align=\"LEFT\">Toraldo<\/td>\n<td align=\"LEFT\">Universit\u00e0 della Campania<\/td>\n<td align=\"LEFT\">Proportionality based stationarity conditions for nonlinear optimization<\/td>\n<td align=\"LEFT\" nowrap=\"nowrap\" width=\"auto\"><span style=\"color: #000000; font-family: Helvetica;\">ore 12.20-12.40, venerd\u00ec 8 settembre<\/span><\/td>\n<\/tr>\n<tr>\n<td align=\"LEFT\" height=\"22\">Silvia<\/td>\n<td align=\"LEFT\">Tozza<\/td>\n<td align=\"LEFT\">Universit\u00e0 di Bologna<\/td>\n<td align=\"LEFT\">Recent results on 3D reconstruction<\/td>\n<td align=\"LEFT\" nowrap=\"nowrap\" width=\"auto\"><span style=\"color: #000000; font-family: Helvetica;\">ore 12.40-13.00, venerd\u00ec 8 settembre<\/span><\/td>\n<\/tr>\n<tr>\n<td align=\"LEFT\" height=\"22\">Arianna<\/td>\n<td align=\"LEFT\">Travaglini<\/td>\n<td align=\"LEFT\">Universit\u00e0 di Firenze<\/td>\n<td align=\"LEFT\">Un modello matematico di tipo \u201csampling\u201d per l&#8217;analisi di immagini del fondo oculare in pazienti sani e diabetici.<\/td>\n<td align=\"LEFT\" nowrap=\"nowrap\" width=\"auto\"><span style=\"color: #000000; font-family: Helvetica;\">ore 10.30-10.50, sabato 9 settembre<\/span><\/td>\n<\/tr>\n<\/tbody>\n<\/table>\n","protected":false},"excerpt":{"rendered":"<p>Le comunicazioni si terranno nei giorni venerd\u00ec 8 e sabato 9 settembre, Scuola Normale Superiore, Aula Bianchi &nbsp; Silvia Bonettini Universit\u00e0 di Modena e Reggio Emilia Unrolling techniques for learning image prior: a non deep approach ore 11.00-11.20, venerd\u00ec 8 settembre Luca Calatroni CNRS, FR Parameter-free FISTA ore 11.20-11.40, venerd\u00ec 8 settembre Marco Donatelli Universit\u00e0 [&hellip;]<\/p>\n","protected":false},"author":3,"featured_media":0,"parent":1109,"menu_order":0,"comment_status":"closed","ping_status":"closed","template":"","meta":{"footnotes":""},"yoast_head":"<!-- This site is optimized with the Yoast SEO plugin v21.0 - https:\/\/yoast.com\/wordpress\/plugins\/seo\/ -->\n<title>SS5 \u2013 Ottimizzazione numerica e matematica delle immagini - Congresso UMI 2023<\/title>\n<meta name=\"robots\" content=\"index, follow, max-snippet:-1, max-image-preview:large, max-video-preview:-1\" \/>\n<link rel=\"canonical\" href=\"https:\/\/umi.dm.unibo.it\/congresso2023\/programma\/sezioni-speciali\/ss5-ottimizzazione-numerica-e-matematica-delle-immagini\/\" \/>\n<meta property=\"og:locale\" content=\"it_IT\" \/>\n<meta property=\"og:type\" content=\"article\" \/>\n<meta property=\"og:title\" content=\"SS5 \u2013 Ottimizzazione numerica e matematica delle immagini - Congresso UMI 2023\" \/>\n<meta property=\"og:description\" content=\"Le comunicazioni si terranno nei giorni venerd\u00ec 8 e sabato 9 settembre, Scuola Normale Superiore, Aula Bianchi &nbsp; Silvia Bonettini Universit\u00e0 di Modena e Reggio Emilia Unrolling techniques for learning image prior: a non deep approach ore 11.00-11.20, venerd\u00ec 8 settembre Luca Calatroni CNRS, FR Parameter-free FISTA ore 11.20-11.40, venerd\u00ec 8 settembre Marco Donatelli Universit\u00e0 [&hellip;]\" \/>\n<meta property=\"og:url\" content=\"https:\/\/umi.dm.unibo.it\/congresso2023\/programma\/sezioni-speciali\/ss5-ottimizzazione-numerica-e-matematica-delle-immagini\/\" \/>\n<meta property=\"og:site_name\" content=\"Congresso UMI 2023\" \/>\n<meta property=\"article:modified_time\" content=\"2023-09-08T08:47:26+00:00\" \/>\n<meta name=\"twitter:label1\" content=\"Tempo di lettura stimato\" \/>\n\t<meta name=\"twitter:data1\" content=\"2 minuti\" \/>\n<script type=\"application\/ld+json\" class=\"yoast-schema-graph\">{\"@context\":\"https:\/\/schema.org\",\"@graph\":[{\"@type\":\"WebPage\",\"@id\":\"https:\/\/umi.dm.unibo.it\/congresso2023\/programma\/sezioni-speciali\/ss5-ottimizzazione-numerica-e-matematica-delle-immagini\/\",\"url\":\"https:\/\/umi.dm.unibo.it\/congresso2023\/programma\/sezioni-speciali\/ss5-ottimizzazione-numerica-e-matematica-delle-immagini\/\",\"name\":\"SS5 \u2013 Ottimizzazione numerica e matematica delle immagini - Congresso UMI 2023\",\"isPartOf\":{\"@id\":\"https:\/\/umi.dm.unibo.it\/congresso2023\/#website\"},\"datePublished\":\"2023-03-02T14:25:47+00:00\",\"dateModified\":\"2023-09-08T08:47:26+00:00\",\"breadcrumb\":{\"@id\":\"https:\/\/umi.dm.unibo.it\/congresso2023\/programma\/sezioni-speciali\/ss5-ottimizzazione-numerica-e-matematica-delle-immagini\/#breadcrumb\"},\"inLanguage\":\"it-IT\",\"potentialAction\":[{\"@type\":\"ReadAction\",\"target\":[\"https:\/\/umi.dm.unibo.it\/congresso2023\/programma\/sezioni-speciali\/ss5-ottimizzazione-numerica-e-matematica-delle-immagini\/\"]}]},{\"@type\":\"BreadcrumbList\",\"@id\":\"https:\/\/umi.dm.unibo.it\/congresso2023\/programma\/sezioni-speciali\/ss5-ottimizzazione-numerica-e-matematica-delle-immagini\/#breadcrumb\",\"itemListElement\":[{\"@type\":\"ListItem\",\"position\":1,\"name\":\"Home\",\"item\":\"https:\/\/umi.dm.unibo.it\/congresso2023\/\"},{\"@type\":\"ListItem\",\"position\":2,\"name\":\"Programma\",\"item\":\"https:\/\/umi.dm.unibo.it\/congresso2023\/programma\/\"},{\"@type\":\"ListItem\",\"position\":3,\"name\":\"Sezioni speciali\",\"item\":\"https:\/\/umi.dm.unibo.it\/congresso2023\/programma\/sezioni-speciali\/\"},{\"@type\":\"ListItem\",\"position\":4,\"name\":\"SS5 \u2013 Ottimizzazione numerica e matematica delle immagini\"}]},{\"@type\":\"WebSite\",\"@id\":\"https:\/\/umi.dm.unibo.it\/congresso2023\/#website\",\"url\":\"https:\/\/umi.dm.unibo.it\/congresso2023\/\",\"name\":\"Congresso UMI 2023\",\"description\":\"Un nuovo sito targato WordPress\",\"potentialAction\":[{\"@type\":\"SearchAction\",\"target\":{\"@type\":\"EntryPoint\",\"urlTemplate\":\"https:\/\/umi.dm.unibo.it\/congresso2023\/?s={search_term_string}\"},\"query-input\":\"required name=search_term_string\"}],\"inLanguage\":\"it-IT\"}]}<\/script>\n<!-- \/ Yoast SEO plugin. -->","yoast_head_json":{"title":"SS5 \u2013 Ottimizzazione numerica e matematica delle immagini - Congresso UMI 2023","robots":{"index":"index","follow":"follow","max-snippet":"max-snippet:-1","max-image-preview":"max-image-preview:large","max-video-preview":"max-video-preview:-1"},"canonical":"https:\/\/umi.dm.unibo.it\/congresso2023\/programma\/sezioni-speciali\/ss5-ottimizzazione-numerica-e-matematica-delle-immagini\/","og_locale":"it_IT","og_type":"article","og_title":"SS5 \u2013 Ottimizzazione numerica e matematica delle immagini - Congresso UMI 2023","og_description":"Le comunicazioni si terranno nei giorni venerd\u00ec 8 e sabato 9 settembre, Scuola Normale Superiore, Aula Bianchi &nbsp; Silvia Bonettini Universit\u00e0 di Modena e Reggio Emilia Unrolling techniques for learning image prior: a non deep approach ore 11.00-11.20, venerd\u00ec 8 settembre Luca Calatroni CNRS, FR Parameter-free FISTA ore 11.20-11.40, venerd\u00ec 8 settembre Marco Donatelli Universit\u00e0 [&hellip;]","og_url":"https:\/\/umi.dm.unibo.it\/congresso2023\/programma\/sezioni-speciali\/ss5-ottimizzazione-numerica-e-matematica-delle-immagini\/","og_site_name":"Congresso UMI 2023","article_modified_time":"2023-09-08T08:47:26+00:00","twitter_misc":{"Tempo di lettura stimato":"2 minuti"},"schema":{"@context":"https:\/\/schema.org","@graph":[{"@type":"WebPage","@id":"https:\/\/umi.dm.unibo.it\/congresso2023\/programma\/sezioni-speciali\/ss5-ottimizzazione-numerica-e-matematica-delle-immagini\/","url":"https:\/\/umi.dm.unibo.it\/congresso2023\/programma\/sezioni-speciali\/ss5-ottimizzazione-numerica-e-matematica-delle-immagini\/","name":"SS5 \u2013 Ottimizzazione numerica e matematica delle immagini - Congresso UMI 2023","isPartOf":{"@id":"https:\/\/umi.dm.unibo.it\/congresso2023\/#website"},"datePublished":"2023-03-02T14:25:47+00:00","dateModified":"2023-09-08T08:47:26+00:00","breadcrumb":{"@id":"https:\/\/umi.dm.unibo.it\/congresso2023\/programma\/sezioni-speciali\/ss5-ottimizzazione-numerica-e-matematica-delle-immagini\/#breadcrumb"},"inLanguage":"it-IT","potentialAction":[{"@type":"ReadAction","target":["https:\/\/umi.dm.unibo.it\/congresso2023\/programma\/sezioni-speciali\/ss5-ottimizzazione-numerica-e-matematica-delle-immagini\/"]}]},{"@type":"BreadcrumbList","@id":"https:\/\/umi.dm.unibo.it\/congresso2023\/programma\/sezioni-speciali\/ss5-ottimizzazione-numerica-e-matematica-delle-immagini\/#breadcrumb","itemListElement":[{"@type":"ListItem","position":1,"name":"Home","item":"https:\/\/umi.dm.unibo.it\/congresso2023\/"},{"@type":"ListItem","position":2,"name":"Programma","item":"https:\/\/umi.dm.unibo.it\/congresso2023\/programma\/"},{"@type":"ListItem","position":3,"name":"Sezioni speciali","item":"https:\/\/umi.dm.unibo.it\/congresso2023\/programma\/sezioni-speciali\/"},{"@type":"ListItem","position":4,"name":"SS5 \u2013 Ottimizzazione numerica e matematica delle immagini"}]},{"@type":"WebSite","@id":"https:\/\/umi.dm.unibo.it\/congresso2023\/#website","url":"https:\/\/umi.dm.unibo.it\/congresso2023\/","name":"Congresso UMI 2023","description":"Un nuovo sito targato WordPress","potentialAction":[{"@type":"SearchAction","target":{"@type":"EntryPoint","urlTemplate":"https:\/\/umi.dm.unibo.it\/congresso2023\/?s={search_term_string}"},"query-input":"required name=search_term_string"}],"inLanguage":"it-IT"}]}},"_links":{"self":[{"href":"https:\/\/umi.dm.unibo.it\/congresso2023\/wp-json\/wp\/v2\/pages\/5149"}],"collection":[{"href":"https:\/\/umi.dm.unibo.it\/congresso2023\/wp-json\/wp\/v2\/pages"}],"about":[{"href":"https:\/\/umi.dm.unibo.it\/congresso2023\/wp-json\/wp\/v2\/types\/page"}],"author":[{"embeddable":true,"href":"https:\/\/umi.dm.unibo.it\/congresso2023\/wp-json\/wp\/v2\/users\/3"}],"replies":[{"embeddable":true,"href":"https:\/\/umi.dm.unibo.it\/congresso2023\/wp-json\/wp\/v2\/comments?post=5149"}],"version-history":[{"count":10,"href":"https:\/\/umi.dm.unibo.it\/congresso2023\/wp-json\/wp\/v2\/pages\/5149\/revisions"}],"predecessor-version":[{"id":6107,"href":"https:\/\/umi.dm.unibo.it\/congresso2023\/wp-json\/wp\/v2\/pages\/5149\/revisions\/6107"}],"up":[{"embeddable":true,"href":"https:\/\/umi.dm.unibo.it\/congresso2023\/wp-json\/wp\/v2\/pages\/1109"}],"wp:attachment":[{"href":"https:\/\/umi.dm.unibo.it\/congresso2023\/wp-json\/wp\/v2\/media?parent=5149"}],"curies":[{"name":"wp","href":"https:\/\/api.w.org\/{rel}","templated":true}]}}