{"id":5143,"date":"2023-03-02T15:19:08","date_gmt":"2023-03-02T14:19:08","guid":{"rendered":"https:\/\/umi.dm.unibo.it\/congresso2023\/?page_id=5143"},"modified":"2023-08-10T17:35:53","modified_gmt":"2023-08-10T15:35:53","slug":"ss4-multi-agent-models-and-mean-field-games","status":"publish","type":"page","link":"https:\/\/umi.dm.unibo.it\/congresso2023\/programma\/sezioni-speciali\/ss4-multi-agent-models-and-mean-field-games\/","title":{"rendered":"SS4 \u2013 Multi-agent models and mean field games"},"content":{"rendered":"<p><strong>Le comunicazioni si terranno marted\u00ec 5 settembre, Scuola Normale Superiore &#8211; Aula Dini<\/strong><\/p>\n<table border=\"0\" frame=\"VOID\" rules=\"NONE\" cellspacing=\"0\">\n<colgroup>\n<col width=\"114\" \/>\n<col width=\"114\" \/>\n<col width=\"114\" \/>\n<col width=\"114\" \/><\/colgroup>\n<tbody>\n<tr>\n<td align=\"LEFT\" width=\"114\" height=\"22\">Fabio<\/td>\n<td align=\"LEFT\" width=\"114\">Camilli<\/td>\n<td align=\"LEFT\" width=\"114\">Universit\u00e0 di Roma La Sapienza<\/td>\n<td align=\"LEFT\" width=\"114\">On quasi-stationary Mean Field Games of Controls<\/td>\n<td align=\"LEFT\" nowrap=\"nowrap\" width=\"auto\"><span style=\"color: #000000; font-family: Helvetica;\">ore 12.00-12.20, marted\u00ec 5 settembre<\/span><\/td>\n<\/tr>\n<tr>\n<td align=\"LEFT\" height=\"22\">Luciano<\/td>\n<td align=\"LEFT\">Campi<\/td>\n<td align=\"LEFT\">Universit\u00e0 di Milano<\/td>\n<td align=\"LEFT\">Correlated equilibria in mean field games<\/td>\n<td align=\"LEFT\" nowrap=\"nowrap\" width=\"auto\"><span style=\"color: #000000; font-family: Helvetica;\">ore 17.25-17.45, marted\u00ec 5 settembre<\/span><\/td>\n<\/tr>\n<tr>\n<td align=\"LEFT\" height=\"22\">Alekos<\/td>\n<td align=\"LEFT\">Cecchin<\/td>\n<td align=\"LEFT\">Universit\u00e0 di Padova<\/td>\n<td align=\"LEFT\">Mean field game master equations: from discrete to continuous state space<\/td>\n<td align=\"LEFT\" nowrap=\"nowrap\" width=\"auto\"><span style=\"color: #000000; font-family: Helvetica;\">ore 18.05-18.25, marted\u00ec 5 settembre<\/span><\/td>\n<\/tr>\n<tr>\n<td align=\"LEFT\" height=\"22\">Marco<\/td>\n<td align=\"LEFT\">Cirant<\/td>\n<td align=\"LEFT\">Universit\u00e0 di Padova<\/td>\n<td align=\"LEFT\">Large population limits of some stochastic games in symmetric and nonsymmetric graphs<\/td>\n<td align=\"LEFT\" nowrap=\"nowrap\" width=\"auto\"><span style=\"color: #000000; font-family: Helvetica;\">ore 17.45-18.05, marted\u00ec 5 settembre<\/span><\/td>\n<\/tr>\n<tr>\n<td align=\"LEFT\" height=\"22\">Marco<\/td>\n<td align=\"LEFT\">Di Francesco<\/td>\n<td align=\"LEFT\">Universit\u00e0 dell&#8217;Aquila<\/td>\n<td align=\"LEFT\">Nonlocal interaction equations with repulsive potential and smoothing effect<\/td>\n<td align=\"LEFT\" nowrap=\"nowrap\" width=\"auto\"><span style=\"color: #000000; font-family: Helvetica;\">ore 12.40-13.00, marted\u00ec 5 settembre<\/span><\/td>\n<\/tr>\n<tr>\n<td align=\"LEFT\" height=\"22\">Paola<\/td>\n<td align=\"LEFT\">Mannucci<\/td>\n<td align=\"LEFT\">\u00a0Universit\u00e0 di Padova<\/td>\n<td align=\"LEFT\">Deterministic Mean Field Games with non coercive Hamiltonian<\/td>\n<td align=\"LEFT\" nowrap=\"nowrap\" width=\"auto\"><span style=\"color: #000000; font-family: Helvetica;\">ore 12.20-12.40, marted\u00ec 5 settembre<\/span><\/td>\n<\/tr>\n<tr>\n<td align=\"LEFT\" height=\"22\">Alessio<\/td>\n<td align=\"LEFT\">Porretta<\/td>\n<td align=\"LEFT\">Universit\u00e0 di Roma Tor Vergata<\/td>\n<td align=\"LEFT\">Entropic cost in optimal transport and mean-field games<\/td>\n<td align=\"LEFT\" nowrap=\"nowrap\" width=\"auto\"><span style=\"color: #000000; font-family: Helvetica;\">ore 16.45-17.25, marted\u00ec 5 settembre<\/span><\/td>\n<\/tr>\n<tr>\n<td align=\"LEFT\" height=\"22\">Luca<\/td>\n<td align=\"LEFT\">Rossi<\/td>\n<td align=\"LEFT\">Universit\u00e0 di Roma La Sapienza<\/td>\n<td align=\"LEFT\">Long-time behavior for a MFG model of knowledge diffusion<\/td>\n<td align=\"LEFT\" nowrap=\"nowrap\" width=\"auto\"><span style=\"color: #000000; font-family: Helvetica;\">ore 18.25-18.45, marted\u00ec 5 settembre<\/span><\/td>\n<\/tr>\n<tr>\n<td align=\"LEFT\" height=\"22\">Filippo<\/td>\n<td align=\"LEFT\">Santambrogio<\/td>\n<td align=\"LEFT\">Universit\u00e9 Claude Bernard Lyon 1<\/td>\n<td align=\"LEFT\">Modelli continui con vincoli di densit\u00e0 per folle, folle gentili, folle strategiche<\/td>\n<td align=\"LEFT\" nowrap=\"nowrap\" width=\"auto\"><span style=\"color: #000000; font-family: Helvetica;\">ore 11.00-11.40, marted\u00ec 5 settembre<\/span><\/td>\n<\/tr>\n<tr>\n<td align=\"LEFT\" height=\"22\">Daniela<\/td>\n<td align=\"LEFT\">Tonon<\/td>\n<td align=\"LEFT\">Universit\u00e0 di Padova<\/td>\n<td align=\"LEFT\">Mean Field Games planning problems with general initial and final measures<\/td>\n<td align=\"LEFT\" nowrap=\"nowrap\" width=\"auto\"><span style=\"color: #000000; font-family: Helvetica;\">ore 11.40-12.00, marted\u00ec 5 settembre<\/span><\/td>\n<\/tr>\n<\/tbody>\n<\/table>\n","protected":false},"excerpt":{"rendered":"<p>Le comunicazioni si terranno marted\u00ec 5 settembre, Scuola Normale Superiore &#8211; Aula Dini Fabio Camilli Universit\u00e0 di Roma La Sapienza On quasi-stationary Mean Field Games of Controls ore 12.00-12.20, marted\u00ec 5 settembre Luciano Campi Universit\u00e0 di Milano Correlated equilibria in mean field games ore 17.25-17.45, marted\u00ec 5 settembre Alekos Cecchin Universit\u00e0 di Padova Mean field [&hellip;]<\/p>\n","protected":false},"author":3,"featured_media":0,"parent":1109,"menu_order":0,"comment_status":"closed","ping_status":"closed","template":"","meta":{"footnotes":""},"yoast_head":"<!-- This site is optimized with the Yoast SEO plugin v21.0 - https:\/\/yoast.com\/wordpress\/plugins\/seo\/ -->\n<title>SS4 \u2013 Multi-agent models and mean field games - Congresso UMI 2023<\/title>\n<meta name=\"robots\" content=\"index, follow, max-snippet:-1, max-image-preview:large, max-video-preview:-1\" \/>\n<link rel=\"canonical\" href=\"https:\/\/umi.dm.unibo.it\/congresso2023\/programma\/sezioni-speciali\/ss4-multi-agent-models-and-mean-field-games\/\" \/>\n<meta property=\"og:locale\" content=\"it_IT\" \/>\n<meta property=\"og:type\" content=\"article\" \/>\n<meta property=\"og:title\" content=\"SS4 \u2013 Multi-agent models and mean field games - Congresso UMI 2023\" \/>\n<meta property=\"og:description\" content=\"Le comunicazioni si terranno marted\u00ec 5 settembre, Scuola Normale Superiore &#8211; Aula Dini Fabio Camilli Universit\u00e0 di Roma La Sapienza On quasi-stationary Mean Field Games of Controls ore 12.00-12.20, marted\u00ec 5 settembre Luciano Campi Universit\u00e0 di Milano Correlated equilibria in mean field games ore 17.25-17.45, marted\u00ec 5 settembre Alekos Cecchin Universit\u00e0 di Padova Mean field [&hellip;]\" \/>\n<meta property=\"og:url\" content=\"https:\/\/umi.dm.unibo.it\/congresso2023\/programma\/sezioni-speciali\/ss4-multi-agent-models-and-mean-field-games\/\" \/>\n<meta property=\"og:site_name\" content=\"Congresso UMI 2023\" \/>\n<meta property=\"article:modified_time\" content=\"2023-08-10T15:35:53+00:00\" \/>\n<meta name=\"twitter:label1\" content=\"Tempo di lettura stimato\" \/>\n\t<meta name=\"twitter:data1\" content=\"2 minuti\" \/>\n<script type=\"application\/ld+json\" class=\"yoast-schema-graph\">{\"@context\":\"https:\/\/schema.org\",\"@graph\":[{\"@type\":\"WebPage\",\"@id\":\"https:\/\/umi.dm.unibo.it\/congresso2023\/programma\/sezioni-speciali\/ss4-multi-agent-models-and-mean-field-games\/\",\"url\":\"https:\/\/umi.dm.unibo.it\/congresso2023\/programma\/sezioni-speciali\/ss4-multi-agent-models-and-mean-field-games\/\",\"name\":\"SS4 \u2013 Multi-agent models and mean field games - Congresso UMI 2023\",\"isPartOf\":{\"@id\":\"https:\/\/umi.dm.unibo.it\/congresso2023\/#website\"},\"datePublished\":\"2023-03-02T14:19:08+00:00\",\"dateModified\":\"2023-08-10T15:35:53+00:00\",\"breadcrumb\":{\"@id\":\"https:\/\/umi.dm.unibo.it\/congresso2023\/programma\/sezioni-speciali\/ss4-multi-agent-models-and-mean-field-games\/#breadcrumb\"},\"inLanguage\":\"it-IT\",\"potentialAction\":[{\"@type\":\"ReadAction\",\"target\":[\"https:\/\/umi.dm.unibo.it\/congresso2023\/programma\/sezioni-speciali\/ss4-multi-agent-models-and-mean-field-games\/\"]}]},{\"@type\":\"BreadcrumbList\",\"@id\":\"https:\/\/umi.dm.unibo.it\/congresso2023\/programma\/sezioni-speciali\/ss4-multi-agent-models-and-mean-field-games\/#breadcrumb\",\"itemListElement\":[{\"@type\":\"ListItem\",\"position\":1,\"name\":\"Home\",\"item\":\"https:\/\/umi.dm.unibo.it\/congresso2023\/\"},{\"@type\":\"ListItem\",\"position\":2,\"name\":\"Programma\",\"item\":\"https:\/\/umi.dm.unibo.it\/congresso2023\/programma\/\"},{\"@type\":\"ListItem\",\"position\":3,\"name\":\"Sezioni speciali\",\"item\":\"https:\/\/umi.dm.unibo.it\/congresso2023\/programma\/sezioni-speciali\/\"},{\"@type\":\"ListItem\",\"position\":4,\"name\":\"SS4 \u2013 Multi-agent models and mean field games\"}]},{\"@type\":\"WebSite\",\"@id\":\"https:\/\/umi.dm.unibo.it\/congresso2023\/#website\",\"url\":\"https:\/\/umi.dm.unibo.it\/congresso2023\/\",\"name\":\"Congresso UMI 2023\",\"description\":\"Un nuovo sito targato WordPress\",\"potentialAction\":[{\"@type\":\"SearchAction\",\"target\":{\"@type\":\"EntryPoint\",\"urlTemplate\":\"https:\/\/umi.dm.unibo.it\/congresso2023\/?s={search_term_string}\"},\"query-input\":\"required name=search_term_string\"}],\"inLanguage\":\"it-IT\"}]}<\/script>\n<!-- \/ Yoast SEO plugin. -->","yoast_head_json":{"title":"SS4 \u2013 Multi-agent models and mean field games - Congresso UMI 2023","robots":{"index":"index","follow":"follow","max-snippet":"max-snippet:-1","max-image-preview":"max-image-preview:large","max-video-preview":"max-video-preview:-1"},"canonical":"https:\/\/umi.dm.unibo.it\/congresso2023\/programma\/sezioni-speciali\/ss4-multi-agent-models-and-mean-field-games\/","og_locale":"it_IT","og_type":"article","og_title":"SS4 \u2013 Multi-agent models and mean field games - Congresso UMI 2023","og_description":"Le comunicazioni si terranno marted\u00ec 5 settembre, Scuola Normale Superiore &#8211; Aula Dini Fabio Camilli Universit\u00e0 di Roma La Sapienza On quasi-stationary Mean Field Games of Controls ore 12.00-12.20, marted\u00ec 5 settembre Luciano Campi Universit\u00e0 di Milano Correlated equilibria in mean field games ore 17.25-17.45, marted\u00ec 5 settembre Alekos Cecchin Universit\u00e0 di Padova Mean field [&hellip;]","og_url":"https:\/\/umi.dm.unibo.it\/congresso2023\/programma\/sezioni-speciali\/ss4-multi-agent-models-and-mean-field-games\/","og_site_name":"Congresso UMI 2023","article_modified_time":"2023-08-10T15:35:53+00:00","twitter_misc":{"Tempo di lettura stimato":"2 minuti"},"schema":{"@context":"https:\/\/schema.org","@graph":[{"@type":"WebPage","@id":"https:\/\/umi.dm.unibo.it\/congresso2023\/programma\/sezioni-speciali\/ss4-multi-agent-models-and-mean-field-games\/","url":"https:\/\/umi.dm.unibo.it\/congresso2023\/programma\/sezioni-speciali\/ss4-multi-agent-models-and-mean-field-games\/","name":"SS4 \u2013 Multi-agent models and mean field games - Congresso UMI 2023","isPartOf":{"@id":"https:\/\/umi.dm.unibo.it\/congresso2023\/#website"},"datePublished":"2023-03-02T14:19:08+00:00","dateModified":"2023-08-10T15:35:53+00:00","breadcrumb":{"@id":"https:\/\/umi.dm.unibo.it\/congresso2023\/programma\/sezioni-speciali\/ss4-multi-agent-models-and-mean-field-games\/#breadcrumb"},"inLanguage":"it-IT","potentialAction":[{"@type":"ReadAction","target":["https:\/\/umi.dm.unibo.it\/congresso2023\/programma\/sezioni-speciali\/ss4-multi-agent-models-and-mean-field-games\/"]}]},{"@type":"BreadcrumbList","@id":"https:\/\/umi.dm.unibo.it\/congresso2023\/programma\/sezioni-speciali\/ss4-multi-agent-models-and-mean-field-games\/#breadcrumb","itemListElement":[{"@type":"ListItem","position":1,"name":"Home","item":"https:\/\/umi.dm.unibo.it\/congresso2023\/"},{"@type":"ListItem","position":2,"name":"Programma","item":"https:\/\/umi.dm.unibo.it\/congresso2023\/programma\/"},{"@type":"ListItem","position":3,"name":"Sezioni speciali","item":"https:\/\/umi.dm.unibo.it\/congresso2023\/programma\/sezioni-speciali\/"},{"@type":"ListItem","position":4,"name":"SS4 \u2013 Multi-agent models and mean field games"}]},{"@type":"WebSite","@id":"https:\/\/umi.dm.unibo.it\/congresso2023\/#website","url":"https:\/\/umi.dm.unibo.it\/congresso2023\/","name":"Congresso UMI 2023","description":"Un nuovo sito targato WordPress","potentialAction":[{"@type":"SearchAction","target":{"@type":"EntryPoint","urlTemplate":"https:\/\/umi.dm.unibo.it\/congresso2023\/?s={search_term_string}"},"query-input":"required name=search_term_string"}],"inLanguage":"it-IT"}]}},"_links":{"self":[{"href":"https:\/\/umi.dm.unibo.it\/congresso2023\/wp-json\/wp\/v2\/pages\/5143"}],"collection":[{"href":"https:\/\/umi.dm.unibo.it\/congresso2023\/wp-json\/wp\/v2\/pages"}],"about":[{"href":"https:\/\/umi.dm.unibo.it\/congresso2023\/wp-json\/wp\/v2\/types\/page"}],"author":[{"embeddable":true,"href":"https:\/\/umi.dm.unibo.it\/congresso2023\/wp-json\/wp\/v2\/users\/3"}],"replies":[{"embeddable":true,"href":"https:\/\/umi.dm.unibo.it\/congresso2023\/wp-json\/wp\/v2\/comments?post=5143"}],"version-history":[{"count":6,"href":"https:\/\/umi.dm.unibo.it\/congresso2023\/wp-json\/wp\/v2\/pages\/5143\/revisions"}],"predecessor-version":[{"id":5945,"href":"https:\/\/umi.dm.unibo.it\/congresso2023\/wp-json\/wp\/v2\/pages\/5143\/revisions\/5945"}],"up":[{"embeddable":true,"href":"https:\/\/umi.dm.unibo.it\/congresso2023\/wp-json\/wp\/v2\/pages\/1109"}],"wp:attachment":[{"href":"https:\/\/umi.dm.unibo.it\/congresso2023\/wp-json\/wp\/v2\/media?parent=5143"}],"curies":[{"name":"wp","href":"https:\/\/api.w.org\/{rel}","templated":true}]}}