{"id":156,"date":"2014-06-27T14:27:10","date_gmt":"2014-06-27T12:27:10","guid":{"rendered":"http:\/\/umi.dm.unibo.it\/congresso2019\/?page_id=156"},"modified":"2022-09-19T11:08:54","modified_gmt":"2022-09-19T09:08:54","slug":"istruzioni-per-scrittura-dei-sunti","status":"publish","type":"page","link":"https:\/\/umi.dm.unibo.it\/congresso2023\/programma\/comunicazioni\/istruzioni-per-scrittura-dei-sunti\/","title":{"rendered":"Istruzioni per la scrittura dei sunti"},"content":{"rendered":"<p>Gli iscritti al Congresso che presentano una comunicazione [in italiano o anche in francese, inglese, spagnolo, tedesco] devono inviarne \u00a0un sunto che verr\u00e0 inserito negli Atti preliminari del Congresso, qualora la comunicazione venga accettata. Ogni partecipante pu\u00f2 presentare una sola comunicazione.<\/p>\n<p>Al fine di garantire l&#8217;uniformit\u00e0 tipografica del volume dei sunti delle comunicazioni, gli autori devono attenersi alle seguenti indicazioni.<\/p>\n<p>I sunti devono:<\/p>\n<ul>\n<li>avere lunghezza massima di una pagina;<\/li>\n<li>essere redatti utilizzando LaTeX con la classe appositamente predisposta;<\/li>\n<li>essere inviati tramite il form predisposto.<\/li>\n<\/ul>\n<p><u><strong>Files per i sunti<\/strong><\/u><\/p>\n<p><a href=\"http:\/\/umi.dm.unibo.it\/congresso2023\/wp-content\/uploads\/2022\/09\/congrumi11_istr.pdf\">congrumi11_istr<\/a><br \/>\nfile di istruzioni;<\/p>\n<p><a href=\"http:\/\/umi.dm.unibo.it\/congresso2023\/wp-content\/uploads\/2022\/09\/congrumi11.cls_.zip\">congrumi11.cls<\/a><br \/>\nclasse LaTeX da utilizzare per la composizione del sunto;<\/p>\n<p><a href=\"http:\/\/umi.dm.unibo.it\/congresso2023\/wp-content\/uploads\/2022\/09\/congrumi11_modello.tex_.zip\">congrumi11_modello.tex<\/a><br \/>\nschema del file tex contenente il sunto.<\/p>\n<p><u><strong>Files per i sunti sezioni speciali<\/strong><\/u><\/p>\n<p><a href=\"http:\/\/umi.dm.unibo.it\/congresso2023\/wp-content\/uploads\/2022\/09\/congrumi11s_istr.pdf\">congrumi11s_istr<\/a><br \/>\nfile di istruzioni;<\/p>\n<p><a href=\"http:\/\/umi.dm.unibo.it\/congresso2023\/wp-content\/uploads\/2022\/09\/congrumi11s.cls_-1.zip\">congrumi11s.cls<\/a><br \/>\nclasse LaTeX da utilizzare per la composizione del sunto;<\/p>\n<p><a href=\"http:\/\/umi.dm.unibo.it\/congresso2023\/wp-content\/uploads\/2022\/09\/congrumi11s_modello.tex_-1.zip\">congrumi11s_modello.tex<\/a><br \/>\nschema del file tex contenente il sunto.<\/p>\n","protected":false},"excerpt":{"rendered":"<p>Gli iscritti al Congresso che presentano una comunicazione [in italiano o anche in francese, inglese, spagnolo, tedesco] devono inviarne \u00a0un sunto che verr\u00e0 inserito negli Atti preliminari del Congresso, qualora la comunicazione venga accettata. Ogni partecipante pu\u00f2 presentare una sola comunicazione. Al fine di garantire l&#8217;uniformit\u00e0 tipografica del volume dei sunti delle comunicazioni, gli autori [&hellip;]<\/p>\n","protected":false},"author":3,"featured_media":0,"parent":149,"menu_order":0,"comment_status":"closed","ping_status":"closed","template":"","meta":{"footnotes":""},"yoast_head":"<!-- This site is optimized with the Yoast SEO plugin v21.0 - https:\/\/yoast.com\/wordpress\/plugins\/seo\/ -->\n<title>Istruzioni per la scrittura dei sunti - Congresso UMI 2023<\/title>\n<meta name=\"robots\" content=\"index, follow, max-snippet:-1, max-image-preview:large, max-video-preview:-1\" \/>\n<link rel=\"canonical\" href=\"https:\/\/umi.dm.unibo.it\/congresso2023\/programma\/comunicazioni\/istruzioni-per-scrittura-dei-sunti\/\" \/>\n<meta property=\"og:locale\" content=\"it_IT\" \/>\n<meta property=\"og:type\" content=\"article\" \/>\n<meta property=\"og:title\" content=\"Istruzioni per la scrittura dei sunti - Congresso UMI 2023\" \/>\n<meta property=\"og:description\" content=\"Gli iscritti al Congresso che presentano una comunicazione [in italiano o anche in francese, inglese, spagnolo, tedesco] devono inviarne \u00a0un sunto che verr\u00e0 inserito negli Atti preliminari del Congresso, qualora la comunicazione venga accettata. Ogni partecipante pu\u00f2 presentare una sola comunicazione. Al fine di garantire l&#8217;uniformit\u00e0 tipografica del volume dei sunti delle comunicazioni, gli autori [&hellip;]\" \/>\n<meta property=\"og:url\" content=\"https:\/\/umi.dm.unibo.it\/congresso2023\/programma\/comunicazioni\/istruzioni-per-scrittura-dei-sunti\/\" \/>\n<meta property=\"og:site_name\" content=\"Congresso UMI 2023\" \/>\n<meta property=\"article:modified_time\" content=\"2022-09-19T09:08:54+00:00\" \/>\n<meta name=\"twitter:label1\" content=\"Tempo di lettura stimato\" \/>\n\t<meta name=\"twitter:data1\" content=\"1 minuto\" \/>\n<script type=\"application\/ld+json\" class=\"yoast-schema-graph\">{\"@context\":\"https:\/\/schema.org\",\"@graph\":[{\"@type\":\"WebPage\",\"@id\":\"https:\/\/umi.dm.unibo.it\/congresso2023\/programma\/comunicazioni\/istruzioni-per-scrittura-dei-sunti\/\",\"url\":\"https:\/\/umi.dm.unibo.it\/congresso2023\/programma\/comunicazioni\/istruzioni-per-scrittura-dei-sunti\/\",\"name\":\"Istruzioni per la scrittura dei sunti - Congresso UMI 2023\",\"isPartOf\":{\"@id\":\"https:\/\/umi.dm.unibo.it\/congresso2023\/#website\"},\"datePublished\":\"2014-06-27T12:27:10+00:00\",\"dateModified\":\"2022-09-19T09:08:54+00:00\",\"breadcrumb\":{\"@id\":\"https:\/\/umi.dm.unibo.it\/congresso2023\/programma\/comunicazioni\/istruzioni-per-scrittura-dei-sunti\/#breadcrumb\"},\"inLanguage\":\"it-IT\",\"potentialAction\":[{\"@type\":\"ReadAction\",\"target\":[\"https:\/\/umi.dm.unibo.it\/congresso2023\/programma\/comunicazioni\/istruzioni-per-scrittura-dei-sunti\/\"]}]},{\"@type\":\"BreadcrumbList\",\"@id\":\"https:\/\/umi.dm.unibo.it\/congresso2023\/programma\/comunicazioni\/istruzioni-per-scrittura-dei-sunti\/#breadcrumb\",\"itemListElement\":[{\"@type\":\"ListItem\",\"position\":1,\"name\":\"Home\",\"item\":\"https:\/\/umi.dm.unibo.it\/congresso2023\/\"},{\"@type\":\"ListItem\",\"position\":2,\"name\":\"Programma\",\"item\":\"https:\/\/umi.dm.unibo.it\/congresso2023\/programma\/\"},{\"@type\":\"ListItem\",\"position\":3,\"name\":\"Comunicazioni\",\"item\":\"https:\/\/umi.dm.unibo.it\/congresso2023\/programma\/comunicazioni\/\"},{\"@type\":\"ListItem\",\"position\":4,\"name\":\"Istruzioni per la scrittura dei sunti\"}]},{\"@type\":\"WebSite\",\"@id\":\"https:\/\/umi.dm.unibo.it\/congresso2023\/#website\",\"url\":\"https:\/\/umi.dm.unibo.it\/congresso2023\/\",\"name\":\"Congresso UMI 2023\",\"description\":\"Un nuovo sito targato WordPress\",\"potentialAction\":[{\"@type\":\"SearchAction\",\"target\":{\"@type\":\"EntryPoint\",\"urlTemplate\":\"https:\/\/umi.dm.unibo.it\/congresso2023\/?s={search_term_string}\"},\"query-input\":\"required name=search_term_string\"}],\"inLanguage\":\"it-IT\"}]}<\/script>\n<!-- \/ Yoast SEO plugin. -->","yoast_head_json":{"title":"Istruzioni per la scrittura dei sunti - Congresso UMI 2023","robots":{"index":"index","follow":"follow","max-snippet":"max-snippet:-1","max-image-preview":"max-image-preview:large","max-video-preview":"max-video-preview:-1"},"canonical":"https:\/\/umi.dm.unibo.it\/congresso2023\/programma\/comunicazioni\/istruzioni-per-scrittura-dei-sunti\/","og_locale":"it_IT","og_type":"article","og_title":"Istruzioni per la scrittura dei sunti - Congresso UMI 2023","og_description":"Gli iscritti al Congresso che presentano una comunicazione [in italiano o anche in francese, inglese, spagnolo, tedesco] devono inviarne \u00a0un sunto che verr\u00e0 inserito negli Atti preliminari del Congresso, qualora la comunicazione venga accettata. Ogni partecipante pu\u00f2 presentare una sola comunicazione. Al fine di garantire l&#8217;uniformit\u00e0 tipografica del volume dei sunti delle comunicazioni, gli autori [&hellip;]","og_url":"https:\/\/umi.dm.unibo.it\/congresso2023\/programma\/comunicazioni\/istruzioni-per-scrittura-dei-sunti\/","og_site_name":"Congresso UMI 2023","article_modified_time":"2022-09-19T09:08:54+00:00","twitter_misc":{"Tempo di lettura stimato":"1 minuto"},"schema":{"@context":"https:\/\/schema.org","@graph":[{"@type":"WebPage","@id":"https:\/\/umi.dm.unibo.it\/congresso2023\/programma\/comunicazioni\/istruzioni-per-scrittura-dei-sunti\/","url":"https:\/\/umi.dm.unibo.it\/congresso2023\/programma\/comunicazioni\/istruzioni-per-scrittura-dei-sunti\/","name":"Istruzioni per la scrittura dei sunti - Congresso UMI 2023","isPartOf":{"@id":"https:\/\/umi.dm.unibo.it\/congresso2023\/#website"},"datePublished":"2014-06-27T12:27:10+00:00","dateModified":"2022-09-19T09:08:54+00:00","breadcrumb":{"@id":"https:\/\/umi.dm.unibo.it\/congresso2023\/programma\/comunicazioni\/istruzioni-per-scrittura-dei-sunti\/#breadcrumb"},"inLanguage":"it-IT","potentialAction":[{"@type":"ReadAction","target":["https:\/\/umi.dm.unibo.it\/congresso2023\/programma\/comunicazioni\/istruzioni-per-scrittura-dei-sunti\/"]}]},{"@type":"BreadcrumbList","@id":"https:\/\/umi.dm.unibo.it\/congresso2023\/programma\/comunicazioni\/istruzioni-per-scrittura-dei-sunti\/#breadcrumb","itemListElement":[{"@type":"ListItem","position":1,"name":"Home","item":"https:\/\/umi.dm.unibo.it\/congresso2023\/"},{"@type":"ListItem","position":2,"name":"Programma","item":"https:\/\/umi.dm.unibo.it\/congresso2023\/programma\/"},{"@type":"ListItem","position":3,"name":"Comunicazioni","item":"https:\/\/umi.dm.unibo.it\/congresso2023\/programma\/comunicazioni\/"},{"@type":"ListItem","position":4,"name":"Istruzioni per la scrittura dei sunti"}]},{"@type":"WebSite","@id":"https:\/\/umi.dm.unibo.it\/congresso2023\/#website","url":"https:\/\/umi.dm.unibo.it\/congresso2023\/","name":"Congresso UMI 2023","description":"Un nuovo sito targato WordPress","potentialAction":[{"@type":"SearchAction","target":{"@type":"EntryPoint","urlTemplate":"https:\/\/umi.dm.unibo.it\/congresso2023\/?s={search_term_string}"},"query-input":"required name=search_term_string"}],"inLanguage":"it-IT"}]}},"_links":{"self":[{"href":"https:\/\/umi.dm.unibo.it\/congresso2023\/wp-json\/wp\/v2\/pages\/156"}],"collection":[{"href":"https:\/\/umi.dm.unibo.it\/congresso2023\/wp-json\/wp\/v2\/pages"}],"about":[{"href":"https:\/\/umi.dm.unibo.it\/congresso2023\/wp-json\/wp\/v2\/types\/page"}],"author":[{"embeddable":true,"href":"https:\/\/umi.dm.unibo.it\/congresso2023\/wp-json\/wp\/v2\/users\/3"}],"replies":[{"embeddable":true,"href":"https:\/\/umi.dm.unibo.it\/congresso2023\/wp-json\/wp\/v2\/comments?post=156"}],"version-history":[{"count":14,"href":"https:\/\/umi.dm.unibo.it\/congresso2023\/wp-json\/wp\/v2\/pages\/156\/revisions"}],"predecessor-version":[{"id":4729,"href":"https:\/\/umi.dm.unibo.it\/congresso2023\/wp-json\/wp\/v2\/pages\/156\/revisions\/4729"}],"up":[{"embeddable":true,"href":"https:\/\/umi.dm.unibo.it\/congresso2023\/wp-json\/wp\/v2\/pages\/149"}],"wp:attachment":[{"href":"https:\/\/umi.dm.unibo.it\/congresso2023\/wp-json\/wp\/v2\/media?parent=156"}],"curies":[{"name":"wp","href":"https:\/\/api.w.org\/{rel}","templated":true}]}}