{"id":80,"date":"2014-06-19T13:43:28","date_gmt":"2014-06-19T11:43:28","guid":{"rendered":"http:\/\/umi.dm.unibo.it\/congresso2019\/?page_id=80"},"modified":"2019-04-08T15:08:47","modified_gmt":"2019-04-08T13:08:47","slug":"baby-sitting","status":"publish","type":"page","link":"https:\/\/umi.dm.unibo.it\/congresso2019\/notizie-pratiche\/baby-sitting\/","title":{"rendered":"Baby sitting"},"content":{"rendered":"<p>L&#8217;organizzazione si avvarr\u00e0 del servizio di &#8220;Summer Camp&#8221; della struttura\u00a0 &#8220;Campus Aquae&#8221;.<\/p>\n<p>Il Campus Aquae \u00e8 una struttura grande con palestra, piscina e spa e durante l&#8217;estate organizza \u00a0un servizio di &#8220;Summer Camp&#8221;, \u00a0<a href=\"https:\/\/campusaquae.it\/summer-camp\/\">qui<\/a> la pagina per il servizio offerto dalla struttura.<\/p>\n<p>Accettano bambini dai 3 ai 13 anni circa. \u00a0Durante le attivit\u00e0 gli educatori dividono i bambini per fasce di et\u00e0, per i bambini dai 7 anni in su \u00e8 richiesto un certificato di sana e robusta costituzione\/di buona salute per la partecipazione alle attivit\u00e0 organizzate.<\/p>\n<p>L&#8217;orario massimo di svolgimento del servizio \u00e8 dalle ore 7.30 alle ore 17.30, salvo accordi specifici.<\/p>\n<p><strong>Settimana:<\/strong><\/p>\n<ul>\n<li>orario intero \u2013 dalle ore 7:30 alle ore 17:30<\/li>\n<li>orario ridotto \u2013 con o senza pranzo \u2013 dalle ore 7:30 alle ore 14:00<\/li>\n<\/ul>\n<p><strong>Giornata singola:<\/strong><\/p>\n<ul>\n<li>orario intero &#8211; dalle ore 7:30 alle ore 17:30<\/li>\n<li>mattina con o senza pranzo &#8211; dalle ore 7:30 alle 14:00<\/li>\n<\/ul>\n<p><em>Scadenza prenotazione servizio 31 luglio 2019<\/em><br \/>\n[gravityform id=&#8221;7&#8243; title=&#8221;true&#8221; description=&#8221;true&#8221;]<\/p>\n","protected":false},"excerpt":{"rendered":"<p>L&#8217;organizzazione si avvarr\u00e0 del servizio di &#8220;Summer Camp&#8221; della struttura\u00a0 &#8220;Campus Aquae&#8221;. Il Campus Aquae \u00e8 una struttura grande con palestra, piscina e spa e durante l&#8217;estate organizza \u00a0un servizio di &#8220;Summer Camp&#8221;, \u00a0qui la pagina per il servizio offerto dalla struttura. Accettano bambini dai 3 ai 13 anni circa. \u00a0Durante le attivit\u00e0 gli educatori [&hellip;]<\/p>\n","protected":false},"author":3,"featured_media":0,"parent":17,"menu_order":3,"comment_status":"open","ping_status":"closed","template":"","meta":{"footnotes":""},"class_list":["post-80","page","type-page","status-publish","hentry"],"_links":{"self":[{"href":"https:\/\/umi.dm.unibo.it\/congresso2019\/wp-json\/wp\/v2\/pages\/80","targetHints":{"allow":["GET"]}}],"collection":[{"href":"https:\/\/umi.dm.unibo.it\/congresso2019\/wp-json\/wp\/v2\/pages"}],"about":[{"href":"https:\/\/umi.dm.unibo.it\/congresso2019\/wp-json\/wp\/v2\/types\/page"}],"author":[{"embeddable":true,"href":"https:\/\/umi.dm.unibo.it\/congresso2019\/wp-json\/wp\/v2\/users\/3"}],"replies":[{"embeddable":true,"href":"https:\/\/umi.dm.unibo.it\/congresso2019\/wp-json\/wp\/v2\/comments?post=80"}],"version-history":[{"count":7,"href":"https:\/\/umi.dm.unibo.it\/congresso2019\/wp-json\/wp\/v2\/pages\/80\/revisions"}],"predecessor-version":[{"id":1469,"href":"https:\/\/umi.dm.unibo.it\/congresso2019\/wp-json\/wp\/v2\/pages\/80\/revisions\/1469"}],"up":[{"embeddable":true,"href":"https:\/\/umi.dm.unibo.it\/congresso2019\/wp-json\/wp\/v2\/pages\/17"}],"wp:attachment":[{"href":"https:\/\/umi.dm.unibo.it\/congresso2019\/wp-json\/wp\/v2\/media?parent=80"}],"curies":[{"name":"wp","href":"https:\/\/api.w.org\/{rel}","templated":true}]}}