{"id":261,"date":"2014-07-02T10:56:39","date_gmt":"2014-07-02T08:56:39","guid":{"rendered":"http:\/\/umi.dm.unibo.it\/congresso2019\/?page_id=261"},"modified":"2018-07-16T11:37:53","modified_gmt":"2018-07-16T09:37:53","slug":"comitato-scientifico","status":"publish","type":"page","link":"https:\/\/umi.dm.unibo.it\/congresso2019\/comitati\/comitato-scientifico\/","title":{"rendered":"Comitato scientifico"},"content":{"rendered":"<p><center><br \/>\n<strong>Comitato scientifico<\/strong><\/center><center><br \/>\n<a href=\"mailto:cannarsa@mat.uniroma2.it\">Piermarco Cannarsa<\/a><\/center><center>(Universit\u00e0 di Roma Tor Vergata)<br \/>\n<em>Presidente dell&#8217;Unione Matematica Italiana<\/em><\/center><center><a href=\"mailto:cilibert@axp.mat.uniroma2.it\">Ciro Ciliberto<\/a><\/center><center>(Universit\u00e0 di Roma Tor Vergata,\u00a0Past President UMI)<\/center><center><a href=\"mailto:vincenzo.ferone@unina.it\">Vincenzo Ferone<\/a><\/center><center>(Universit\u00e0 di Napoli Federico II)<\/center><center><a href=\"mailto:annamaria.fino@unito.it\">Anna Fino<\/a><\/center><center>(Universit\u00e0 di Torino)<\/center><center><a href=\"mailto:garroni@mat.uniroma1.it\">Adriana Garroni<\/a><\/center><center>(Sapienza Universit\u00e0 di Roma)<\/center><center><a href=\"mailto:liverani@mat.uniroma2.it\">Carlangelo Liverani<\/a>\u00a0<\/center><center>(Universit\u00e0 di Roma Tor Vergata)<\/center><center><a href=\"mailto:luca.migliorini@unibo.it\">Luca Migliorini<\/a><\/center><center>(Universit\u00e0 di Bologna)<\/center><center><a href=\"mailto:carlo.toffalori@unicam.it\">Carlo Toffalori<\/a>\u00a0<\/center><center>(Universit\u00e0 di Camerino)<\/center><center><a href=\"mailto:valeria.simoncini@unibo.it\">Valeria Simoncini<\/a>\u00a0<\/center><center>(Universit\u00e0 di Bologna)<\/center><\/p>\n","protected":false},"excerpt":{"rendered":"<p>Comitato scientifico Piermarco Cannarsa(Universit\u00e0 di Roma Tor Vergata) Presidente dell&#8217;Unione Matematica ItalianaCiro Ciliberto(Universit\u00e0 di Roma Tor Vergata,\u00a0Past President UMI)Vincenzo Ferone(Universit\u00e0 di Napoli Federico II)Anna Fino(Universit\u00e0 di Torino)Adriana Garroni(Sapienza Universit\u00e0 di Roma)Carlangelo Liverani\u00a0(Universit\u00e0 di Roma Tor Vergata)Luca Migliorini(Universit\u00e0 di Bologna)Carlo Toffalori\u00a0(Universit\u00e0 di Camerino)Valeria Simoncini\u00a0(Universit\u00e0 di Bologna)<\/p>\n","protected":false},"author":3,"featured_media":0,"parent":11,"menu_order":1,"comment_status":"closed","ping_status":"open","template":"","meta":{"footnotes":""},"class_list":["post-261","page","type-page","status-publish","hentry"],"_links":{"self":[{"href":"https:\/\/umi.dm.unibo.it\/congresso2019\/wp-json\/wp\/v2\/pages\/261","targetHints":{"allow":["GET"]}}],"collection":[{"href":"https:\/\/umi.dm.unibo.it\/congresso2019\/wp-json\/wp\/v2\/pages"}],"about":[{"href":"https:\/\/umi.dm.unibo.it\/congresso2019\/wp-json\/wp\/v2\/types\/page"}],"author":[{"embeddable":true,"href":"https:\/\/umi.dm.unibo.it\/congresso2019\/wp-json\/wp\/v2\/users\/3"}],"replies":[{"embeddable":true,"href":"https:\/\/umi.dm.unibo.it\/congresso2019\/wp-json\/wp\/v2\/comments?post=261"}],"version-history":[{"count":22,"href":"https:\/\/umi.dm.unibo.it\/congresso2019\/wp-json\/wp\/v2\/pages\/261\/revisions"}],"predecessor-version":[{"id":1205,"href":"https:\/\/umi.dm.unibo.it\/congresso2019\/wp-json\/wp\/v2\/pages\/261\/revisions\/1205"}],"up":[{"embeddable":true,"href":"https:\/\/umi.dm.unibo.it\/congresso2019\/wp-json\/wp\/v2\/pages\/11"}],"wp:attachment":[{"href":"https:\/\/umi.dm.unibo.it\/congresso2019\/wp-json\/wp\/v2\/media?parent=261"}],"curies":[{"name":"wp","href":"https:\/\/api.w.org\/{rel}","templated":true}]}}