{"id":205,"date":"2014-07-01T12:33:42","date_gmt":"2014-07-01T10:33:42","guid":{"rendered":"http:\/\/umi.dm.unibo.it\/congresso2019\/?page_id=205"},"modified":"2019-07-31T11:18:37","modified_gmt":"2019-07-31T09:18:37","slug":"sezioni-speciali","status":"publish","type":"page","link":"https:\/\/umi.dm.unibo.it\/congresso2019\/programma\/sezioni-speciali\/","title":{"rendered":"Sezioni"},"content":{"rendered":"<p>Il Comitato Scientifico del Congresso ha attivato le seguenti sezioni, con i relativi coordinatori:<\/p>\n<p><span style=\"color: #008000;\"><em><a style=\"color: #008000;\" href=\"http:\/\/umi.dm.unibo.it\/congresso2019\/programma\/sezioni-speciali\/s1-analisi-non-lineare-e-sistemi-hamiltoniani\/\">S1: Analisi non lineare e sistemi hamiltoniani<\/a><\/em><\/span><br \/>\n<small><a href=\"mailto:andrea.malchiodi@sns.it\">Andrea Malchiodi<\/a>, <a href=\"mailto:tarantel@mat.uniroma2.it\">Gabriella Tarantello<\/a><\/small><\/p>\n<p><span style=\"color: #008000;\"><em><a style=\"color: #008000;\" href=\"http:\/\/umi.dm.unibo.it\/congresso2019\/programma\/sezioni-speciali\/s2-equazione-differenziali-alle-derivate-parziali\/\">S2: Equazioni differenziali alle derivate parziali<\/a><\/em><\/span><br \/>\n<small><a href=\"mailto:bianchin@sissa.it\">Stefano Bianchini<\/a>, <a href=\"mailto:anna.mercaldo@unina.it\">Anna Mercaldo<\/a><\/small><\/p>\n<p><span style=\"color: #008000;\"><em><a style=\"color: #008000;\" href=\"http:\/\/umi.dm.unibo.it\/congresso2019\/programma\/sezioni-speciali\/s3-equazione-differenziali-ordinarie-e-sistemi-dinamici\/\">S3: Equazioni differenziali ordinarie e sistemi dinamici<\/a><\/em><\/span><br \/>\n<small><a href=\"mailto:gabriele.bonanno@unime.it\">Gabriele Bonanno<\/a>, <a href=\"mailto:sorrentino@mat.uniroma2.it\"> Alfonso Sorrentino<\/a><\/small><\/p>\n<p><em><span style=\"color: #008000;\"><a style=\"color: #008000;\" href=\"http:\/\/umi.dm.unibo.it\/congresso2019\/programma\/sezioni-speciali\/s4-calcolo-delle-variazioni-e-controllo\/\">S4: Calcolo delle variazioni e controllo<\/a><\/span><\/em><br \/>\n<small><a href=\"mailto:bardi@math.unipd.it\">Martino Bardi<\/a>, <a href=\"mailto:ilaria.fragala@polimi.it\">Ilaria Fragal\u00e0<\/a><\/small><\/p>\n<p><span style=\"color: #008000;\"><em><a style=\"color: #008000;\" href=\"http:\/\/umi.dm.unibo.it\/congresso2019\/programma\/sezioni-speciali\/s5-analisi-reale-e-disuguaglianze-funzionali\/\">S5: Analisi reale e disuguaglianze funzionali<\/a><\/em><\/span><br \/>\n<small><a href=\"mailto:paolo.salani@unifi.it\">Paolo Salani<\/a>, <a href=\"mailto:gianluca.vinti@unipg.it\">Gianluca Vinti<\/a><\/small><\/p>\n<p><span style=\"color: #008000;\"><em><a style=\"color: #008000;\" href=\"http:\/\/umi.dm.unibo.it\/congresso2019\/programma\/sezioni-speciali\/s6-analisi-armonica\/\">S6: Analisi armonica<\/a><\/em><\/span><br \/>\n<small><a href=\"mailto:marco.peloso@unimi.it\">Marco M. Peloso<\/a>, <a href=\"mailto:anita.tabacco@polito.it\">Anita Tabacco<\/a><\/small><\/p>\n<p><span style=\"color: #008000;\"><em><a style=\"color: #008000;\" href=\"http:\/\/umi.dm.unibo.it\/congresso2019\/programma\/sezioni-speciali\/s7-calcolo-delle-probabilita-e-statistica-matematica\/\">S7: Calcolo delle probabilit\u00e0 e statistica matematica<\/a><\/em><\/span><br \/>\n<small><a href=\"mailto:demasi@univaq.it\">Anna De Masi<\/a>, <a href=\"mailto:franco.flandoli@sns.it\">Franco Flandoli<\/a><\/small><\/p>\n<p><span style=\"color: #008000;\"><em><a style=\"color: #008000;\" href=\"http:\/\/umi.dm.unibo.it\/congresso2019\/programma\/sezioni-speciali\/s8-fisica-matematica\/\">S8: Fisica Matematica<\/a><\/em><\/span><br \/>\n<small><a href=\"mailto:teta@mat.uniroma1.it\">Alessandro Teta<\/a>, <a href=\"mailto:giuseppe.toscani@unipv.it\">Giuseppe Toscani<\/a><\/small><\/p>\n<p><span style=\"color: #008000;\"><em><a style=\"color: #008000;\" href=\"http:\/\/umi.dm.unibo.it\/congresso2019\/programma\/sezioni-speciali\/s9-modelli-e-applicazioni\/\">S9: Modelli e applicazioni<\/a><\/em><\/span><br \/>\n<small><a href=\"mailto:giuseppe.saccomandi@unipg.it\">Giuseppe Saccomandi<\/a>, <a href=\"mailto:andrea.tosin@polito.it\">Andrea Tosin<\/a><\/small><\/p>\n<p><span style=\"color: #008000;\"><em><a style=\"color: #008000;\"\nhref=\"http:\/\/umi.dm.unibo.it\/congresso2019\/programma\/sezioni-speciali\/s10-sistemi-dinamici-e-metodi-numerici-per-le-equazioni-differenziali\/\">S10: Sistemi dinamici e metodi numerici per le equazioni differenziali<\/span><\/em><\/a><br \/>\n<small><a href=\"mailto:guglielm@univaq.it\">Nicola Guglielmi<\/a>, <a href=\"mailto:luciano.lopez@uniba.it\">Luciano Lopez<\/a><\/small><\/p>\n<p><span style=\"color: #008000;\"><em><a style=\"color: #008000;\"\nhref=\"http:\/\/umi.dm.unibo.it\/congresso2019\/programma\/sezioni-speciali\/s11-teoria-dellapprossimazione-ed-applicazioni\/\">S11: Teoria dell&#8217;approssimazione ed applicazioni<\/a><\/span><\/em><br \/>\n<small><a href=\"mailto:giancarlo.sangalli@unipv.it\">Giancarlo Sangalli<\/a>, <a href=\"mailto:speleers@mat.uniroma2.it\">Hendrik Speleers<\/a><\/small><\/p>\n<p><a href=\"http:\/\/umi.dm.unibo.it\/congresso2019\/programma\/sezioni-speciali\/s12-algebra-lineare-numerica-ed-applicazioni\/\"><em><span style=\"color: #008000;\">S12: Algebra lineare numerica ed applicazioni<\/span><\/em><\/a><br \/>\n<small><a href=\"mailto:marco.donatelli@uninsubria.it\">Marco Donatelli<\/a>, <a href=\"mailto:beatrice.meini@unipi.it\">Beatrice Meini<\/a><\/small><\/p>\n<p><span style=\"color: #008000;\"><em><a style=\"color: #008000;\" href=\"http:\/\/umi.dm.unibo.it\/congresso2019\/programma\/sezioni-speciali\/s13-metodi-numerici-per-le-equazioni-alle-derivate-parziali\/\">S13: Metodi numerici per le equazioni alle derivate parziali<\/a><\/em><\/span><br \/>\n<small><a href=\"mailto:lourenco.beirao@unimib.it\">Lourenco Beirao da Veiga<\/a>, <a href=\"mailto:marco.verani@polimi.it\">Marco Verani<\/a><\/small><\/p>\n<p><em><span style=\"color: #008000;\"><a style=\"color: #008000;\" href=\"http:\/\/umi.dm.unibo.it\/congresso2019\/programma\/sezioni-speciali\/s14a-algebra\/\">S14a: Algebra<\/a><\/span><\/em><br \/>\n<small><a href=\"mailto:andrea.caranti@unitn.it\">Andrea Caranti<\/a>, <a href=\"mailto:scoppola@univaq.it\">Carlo Scoppola<\/a><\/small><\/p>\n<p><em><span style=\"color: #008000;\"><a style=\"color: #008000;\" href=\"http:\/\/umi.dm.unibo.it\/congresso2019\/programma\/sezioni-speciali\/s14b-teoria-di-lie\/\">S14b: Teoria di Lie<\/a><\/span><\/em><br \/>\n<small><a href=\"mailto:nicoletta.cantarini@unibo.it\">Nicoletta Cantarini<\/a>, <a href=\"mailto:desole@mat.uniroma1.it\">Alberto De Sole<\/a><\/small><\/p>\n<p><span style=\"color: #008000;\"><a style=\"color: #008000;\" href=\"http:\/\/umi.dm.unibo.it\/congresso2019\/programma\/sezioni-speciali\/s15-combinatoria\/\"><em>S15: Combinatoria<\/em><\/a><\/span><br \/>\n<small><a href=\"mailto:callegaro@dm.unipi.it\">Filippo Callegaro<\/a>, <a href=\"mailto:fabrizio.caselli@unibo.it\">Fabrizio Caselli<\/a><\/small><\/p>\n<p><em><span style=\"color: #008000;\"><a style=\"color: #008000;\" href=\"http:\/\/umi.dm.unibo.it\/congresso2019\/programma\/sezioni-speciali\/s16-topologia-e-geometria-differenziale\/\">S16: Topologia e Geometria differenziale<\/a><\/span><\/em><br \/>\n<small><a href=\"mailto:francesco.bonsante@unipv.it\">Francesco Bonsante<\/a>, <a href=\"mailto:stefano.pigola@uninsubria.it\">Stefano Pigola<\/a><\/small><\/p>\n<p><a href=\"http:\/\/umi.dm.unibo.it\/congresso2019\/programma\/sezioni-speciali\/s17-geometria-complessa\/\"><em><span style=\"color: #008000;\">S17: Geometria Complessa<\/span><\/em><\/a><br \/>\n<small><a href=\"mailto:diverio@mat.uniroma1.it\">Simone Diverio<\/a>, <a href=\"mailto:adriano.tomassini@unipr.it\">Adriano Tomassini<\/a><\/small><\/p>\n<p><em><span style=\"color: #008000;\"><a style=\"color: #008000;\" href=\"http:\/\/umi.dm.unibo.it\/congresso2019\/programma\/sezioni-speciali\/s18-geometria-algebrica\/\">S18: Geometria Algebrica<\/a><\/span><\/em><br \/>\n<small><a href=\"mailto:paola.frediani@unipv.it\">Paola Frediani<\/a>, <a href=\"mailto:viviani@mat.uniroma3.it\">Filippo Viviani<\/a><\/small><\/p>\n<p><span style=\"color: #008000;\"><em><a style=\"color: #008000;\" href=\"http:\/\/umi.dm.unibo.it\/congresso2019\/programma\/sezioni-speciali\/s19-logica-matematica\/\">S19: Logica Matematica<\/a><\/em><\/span><br \/>\n<small><a href=\"mailto:paola.daquino@unicampania.it\">Paola D&#8217;Aquino<\/a>, <a href=\"mailto:matteo.viale@unito.it\">Matteo Viale<\/a><\/small><\/p>\n<p><span style=\"color: #008000;\"><em><a style=\"color: #008000;\" href=\"http:\/\/umi.dm.unibo.it\/congresso2019\/programma\/sezioni-speciali\/s20-teoria-dei-numeri\/\">S20: Teoria dei numeri<\/a><\/em><\/span><br \/>\n<small><a href=\"mailto:sara.checcoli@gmail.com\">Sara Checcoli<\/a>, <a href=\"mailto:mlongo@math.unipd.it\">Matteo Longo<\/a><\/small><\/p>\n<p><span style=\"color: #008000;\"><em><a style=\"color: #008000;\" href=\"http:\/\/umi.dm.unibo.it\/congresso2019\/programma\/sezioni-speciali\/s21-storia-della-matematica\/\">S21: Storia della matematica<\/a><\/em><\/span><br \/>\n<small><a href=\"mailto:mariateresa.borgato@unife.it\">Maria Teresa Borgato<\/a>, <a href=\"mailto:erika.luciano@unito.it\">Erika Luciano<\/a><\/small><\/p>\n<p><span style=\"color: #008000;\"><em><a style=\"color: #008000;\" href=\"http:\/\/umi.dm.unibo.it\/congresso2019\/programma\/sezioni-speciali\/s22-didattica-della-matematica\/\">S22: Didattica della matematica<\/a><\/em><\/span><br \/>\n<small><a href=\"mailto:mirko.maracci@unipv.it\">Mirko Maracci<\/a>, <a href=\"mailto:ornella.robutti@unito.it\">Ornella Robutti<\/a><\/small><\/p>\n<p><span style=\"color: #008000;\"><em><a style=\"color: #008000;\" href=\"http:\/\/umi.dm.unibo.it\/congresso2019\/programma\/sezioni-speciali\/s23-divulgazione-della-matematica\/\">S23: Divulgazione della matematica<\/a><\/em><\/span><br \/>\n<small><a href=\"mailto:silvia.benvenuti@unicam.it\">Silvia Benvenuti<\/a>, <a href=\"mailto:gilberto.bini@unimi.it\">Gilberto Bini<\/a><\/small><\/p>\n<p>&nbsp;<\/p>\n<p>Di norma le comunicazioni all&#8217;interno delle sezioni avranno la durata di 15 minuti pi\u00f9 cinque minuti per eventuali domande, di modo da avere tre comunicazioni per ora. Le sezioni dovranno avere da un minimo di 6 comunicazioni (cio\u00e8 durata complessiva due ore) a un massimo di 18 comunicazioni (cio\u00e8 durata complessiva sei ore, che potranno svilupparsi allora anche in diversi giorni). I coordinatori delle sezioni potranno tuttavia prevedere un uso diverso del tempo a loro disposizione pur mantendo la scansione oraria su descritta, pensando ad esempio a interventi di 30 minuti invece che a due di 15, effettuando tavole rotonde, sessioni di problemi, discussioni, ecc. I conferenzieri delle sezioni devono essere soci UMI. A ci\u00f2 si pu\u00f2 derogare in caso si invitino stranieri.<\/p>\n<p><strong>I soci possono<\/strong> proporre delle Sezioni Speciali, aggiuntive rispetto a quelle sopra elencate. Per questioni organizzative, il numero di tali sezioni sar\u00e0 molto limitato (difficilmente si potr\u00e0 superare il numero di quattro). Tra le proposte pervenute, il Comitato Scientifico del Congresso sceglier\u00e0 quelle da attivare, basandosi, tra l&#8217;altro, sulla validit\u00e0 scientifica, l&#8217;interesse e l&#8217;originalit\u00e0 della proposta e la qualit\u00e0 e variet\u00e0 dei partecipanti.<\/p>\n<p>Le proposte, della lunghezza di non pi\u00f9 di due pagine dattiloscritte, dovranno essere sottoposte nella <a href=\"http:\/\/umi.dm.unibo.it\/congresso2019\/programma\/sessioni-speciali\/presentazione-proposta-sezione\/&quot;\"><u>apposita pagina<\/u><\/a> sul presente sito, indicando nome, cognome, affiliazione, indirizzo di posta elettronica dei proponenti, titolo della Sezione, sua motivazione e finalit\u00e0 scientifica e sua struttura, ed elenco dei conferenzieri. La scadenza per la presentazione delle proposte di Sezioni Speciali \u00e8 il 30\/9 p.v. La selezione avverr\u00e0 entro il 31\/12 p.v.<\/p>\n<p>I coordinatori delle sezioni hanno il compito di stimolare la partecipazione alla loro sezione di studiosi di livello elevato che possano presentare comunicazioni di grande interesse. Inoltre i coordinatori hanno il compito di selezionare le comunicazioni che verranno proposte dai soci. Le comunicazioni che non venissero selezionate per mancanza di tempo, ma che avessero comunque un fondato interesse scientifico, potranno essere presentate in sessioni di poster associate alle sezioni.<\/p>\n<p>I soci che intendono presentare comunicazioni, <strong>possono<\/strong> sottoporre le loro proposte nella <a href=\"http:\/\/umi.dm.unibo.it\/congresso2019\/programma\/comunicazioni\/\">apposita pagina<\/a> sul presente sito, indicando nome, cognome, affiliazione, indirizzo di posta elettronica, sezione in cui si intende effettuare la comunicazione, titolo della comunicazione, accludendo un sommario di non pi\u00f9 di 20 righe. La scadenza per la presentazione delle proposte \u00e8 il <strong>15 dicembre 2018<\/strong>. Ai coordinatori verr\u00e0 dato accesso alle comunicazioni proposte per la loro sessione affinch\u00e9 effettuino la selezione. Il Comitato Scientifico del Congresso intende completare il programma scientifico entro fine marzo 2019 (cio\u00e8 sei mesi prima dell&#8217;inizio del congresso).<\/p>\n<p>Al momento non \u00e8 previsto alcun finanziamento per la partecipazione alle sezioni. Anzi va ricordato che <strong>sia i coordinatori delle sezioni, sia i partecipanti alle stesse, devono aver pagato la quota di iscrizione al congresso<\/strong>.<\/p>\n","protected":false},"excerpt":{"rendered":"<p>Il Comitato Scientifico del Congresso ha attivato le seguenti sezioni, con i relativi coordinatori: S1: Analisi non lineare e sistemi hamiltoniani Andrea Malchiodi, Gabriella Tarantello S2: Equazioni differenziali alle derivate parziali Stefano Bianchini, Anna Mercaldo S3: Equazioni differenziali ordinarie e sistemi dinamici Gabriele Bonanno, Alfonso Sorrentino S4: Calcolo delle variazioni e controllo Martino Bardi, Ilaria [&hellip;]<\/p>\n","protected":false},"author":3,"featured_media":0,"parent":13,"menu_order":4,"comment_status":"closed","ping_status":"closed","template":"","meta":{"footnotes":""},"class_list":["post-205","page","type-page","status-publish","hentry"],"_links":{"self":[{"href":"https:\/\/umi.dm.unibo.it\/congresso2019\/wp-json\/wp\/v2\/pages\/205","targetHints":{"allow":["GET"]}}],"collection":[{"href":"https:\/\/umi.dm.unibo.it\/congresso2019\/wp-json\/wp\/v2\/pages"}],"about":[{"href":"https:\/\/umi.dm.unibo.it\/congresso2019\/wp-json\/wp\/v2\/types\/page"}],"author":[{"embeddable":true,"href":"https:\/\/umi.dm.unibo.it\/congresso2019\/wp-json\/wp\/v2\/users\/3"}],"replies":[{"embeddable":true,"href":"https:\/\/umi.dm.unibo.it\/congresso2019\/wp-json\/wp\/v2\/comments?post=205"}],"version-history":[{"count":88,"href":"https:\/\/umi.dm.unibo.it\/congresso2019\/wp-json\/wp\/v2\/pages\/205\/revisions"}],"predecessor-version":[{"id":2683,"href":"https:\/\/umi.dm.unibo.it\/congresso2019\/wp-json\/wp\/v2\/pages\/205\/revisions\/2683"}],"up":[{"embeddable":true,"href":"https:\/\/umi.dm.unibo.it\/congresso2019\/wp-json\/wp\/v2\/pages\/13"}],"wp:attachment":[{"href":"https:\/\/umi.dm.unibo.it\/congresso2019\/wp-json\/wp\/v2\/media?parent=205"}],"curies":[{"name":"wp","href":"https:\/\/api.w.org\/{rel}","templated":true}]}}